nd 36.
18
What is the greatest common divisor of 23757975 and 88281?
5193
What is the highest common divisor of 25072567 and 247?
13
What is the highest common factor of 20 and 3082158020?
20
What is the greatest common divisor of 364290 and 30840?
30
Calculate the greatest common divisor of 3465471 and 1172847.
5307
Calculate the greatest common divisor of 1161 and 7273278.
387
Calculate the highest common divisor of 19260750 and 20250.
750
Calculate the greatest common factor of 304210095 and 33705.
11235
Calculate the greatest common divisor of 2937 and 4306354.
89
Calculate the highest common divisor of 1053 and 156468.
39
What is the greatest common factor of 1788 and 8894406?
894
Calculate the highest common factor of 243950 and 147190.
410
Calculate the greatest common divisor of 1251 and 3957747.
417
What is the highest common factor of 249792 and 2568?
24
Calculate the highest common divisor of 912 and 30654816.
48
Calculate the highest common factor of 18090 and 1777510.
670
Calculate the greatest common divisor of 212653 and 161.
7
What is the highest common divisor of 5769 and 36792?
9
Calculate the greatest common divisor of 355 and 5720.
5
What is the greatest common divisor of 196213835 and 15?
5
Calculate the highest common divisor of 3251655 and 315.
45
What is the highest common factor of 35 and 25089904?
7
Calculate the highest common factor of 274423093 and 14.
7
What is the highest common divisor of 1613 and 29229173?
1613
Calculate the highest common divisor of 1541 and 556167.
67
What is the highest common factor of 19220312 and 2064?
344
What is the greatest common divisor of 12224 and 4858276?
764
What is the highest common factor of 40704 and 91566?
6
What is the greatest common factor of 49232629 and 8398?
323
What is the highest common factor of 3858694 and 19499?
527
Calculate the highest common factor of 239516 and 300.
4
What is the highest common divisor of 328396675 and 2050?
1025
What is the greatest common factor of 8 and 167957?
1
Calculate the greatest common factor of 995969836 and 1756.
1756
What is the greatest common divisor of 8 and 1077796?
4
Calculate the greatest common divisor of 18384310 and 98.
98
What is the highest common divisor of 279 and 62573934?
93
What is the highest common factor of 8248 and 9720?
8
What is the highest common divisor of 444618 and 42273582?
8718
What is the greatest common divisor of 7094572 and 24?
4
Calculate the highest common divisor of 422042 and 7480.
34
Calculate the greatest common factor of 25930 and 174838211.
2593
What is the greatest common factor of 66662484 and 210?
42
What is the highest common factor of 1230149961 and 18?
9
What is the highest common factor of 4414 and 472593738?
4414
Calculate the greatest common divisor of 14853398 and 3164.
1582
Calculate the highest common factor of 7740 and 64658412.
1548
Calculate the highest common factor of 14667549 and 60996.
663
What is the highest common divisor of 8050545 and 141489?
1791
What is the highest common factor of 3276 and 1932528?
156
What is the greatest common factor of 621440 and 6560?
160
What is the highest common factor of 5565056 and 3136?
448
What is the highest common factor of 37599 and 87897?
249
Calculate the highest common divisor of 1695 and 236726751.
339
What is the greatest common divisor of 672503 and 6026228?
3757
What is the highest common divisor of 220 and 15000100?
20
What is the greatest common factor of 19520 and 13192320?
320
What is the highest common divisor of 10453696 and 99?
11
Calculate the highest common divisor of 183840 and 235680.
480
Calculate the greatest common factor of 1547 and 1120847.
91
Calculate the greatest common divisor of 472060584 and 18.
18
What is the greatest common divisor of 100500 and 655260?
4020
What is the highest common divisor of 6031 and 129167?
37
Calculate the greatest common factor of 8914311 and 27.
9
Calculate the greatest common factor of 1887032 and 4774.
434
What is the highest common divisor of 29001 and 2949?
3
What is the greatest common factor of 2520092 and 668?
4
Calculate the greatest common divisor of 372 and 397184586.
186
Calculate the greatest common factor of 2132529230 and 130.
130
What is the highest common factor of 6321 and 15638595?
147
Calculate the highest common divisor of 8659856 and 19024.
656
What is the highest common divisor of 14684226 and 2584?
646
What is the greatest common factor of 27 and 20675943?
9
What is the highest common factor of 413999 and 5013077?
4099
What is the greatest common factor of 154488 and 317832?
984
Calculate the greatest common factor of 49580 and 940680.
1340
What is the highest common factor of 333 and 14220099?
333
Calculate the highest common factor of 5 and 277602335.
5
Calculate the highest common divisor of 2955684815 and 523.
523
What is the highest common factor of 67744 and 18763?
29
What is the greatest common factor of 46 and 227500958?
46
Calculate the highest common divisor of 14718231 and 72.
9
What is the greatest common divisor of 42690435 and 570?
285
Calculate the greatest common factor of 177541278 and 69.
69
What is the greatest common divisor of 432 and 222479190?
54
Calculate the highest common divisor of 64 and 13463672.
8
What is the greatest common factor of 1484 and 11684274?
742
Calculate the greatest common factor of 37 and 129942446.
37
What is the highest common divisor of 364201 and 502?
251
Calculate the highest common factor of 902493 and 1345023.
1341
Calculate the highest common divisor of 177036252 and 1164.
1164
Calculate the highest common divisor of 2650580 and 180.
20
What is the greatest common divisor of 11980 and 9280?
20
What is the highest common divisor of 22769301 and 573?
573
Calculate the highest common divisor of 225292 and 222876.
604
What is the highest common factor of 2071668 and 23808?
372
What is the greatest common divisor of 18502 and 17655374?
638
What is the highest common divisor of 1899710 and 4147655?
1355
What is the highest common divisor of 882914589 and 2097?
2097
What is the highest common factor of 2037 and 20379506?
679
Calculate the greatest common divisor of 20079 and 486261.
873
Calculate the highest common factor of 10144 and 7710708.
1268
Calculate the greatest common divisor of 895 and 1606660145.
895
Calculate the greatest common factor of 3034829 and 2044.
511
Calculate the greatest common divisor of 116 and 11662727.
29
What is the greatest common factor of 1924 and 237435068?
1924
Calculate the greatest common factor of 268108721 and 5524.
1381
What is the greatest common factor of 68358820 and 10706?
202
What is the highest common factor of 1278 and 39706182?
1278
What is the highest common divisor of 148363 and 5417750?
1667
What is the highest common divisor of 50808 and 1247?
29
Calculate the highest common divisor of 88224 and 13408.
32
Calculate the highest common factor of 8892 and 3495544.
988
What is the highest common divisor of 13398 and 35013?
33
What is the greatest common divisor of 66129 and 437577?
1407
Calculate the highest common factor of 25402890 and 2780.
10
What is the greatest common factor of 97616 and 167632?
16
What is the greatest common factor of 435046248 and 234?
234
Calculate the highest common factor of 660110920 and 15603.
5201
Calculate the highest common factor of 136857 and 94820292.
7203
What is the highest common divisor of 13005 and 563873391?
2601
What is the highest common factor of 200730 and 50430?
30
Calculate the highest common divisor of 36437808 and 968.
88
Calculate the highest common factor of 328140 and 163980.
180
What is the greatest common divisor of 338 and 7224867?
13
Calculate the greatest common factor of 270 and 9886230.
90
What is the greatest common divisor of 107028803 and 7?
7
What is the greatest common divisor of 9 and 19699191?
9
What is the highest common factor of 689235545 and 34685?
4955
What is the greatest common divisor of 11455632 and 127980?
2844
Calculate the greatest common divisor of 741 and 16947411.
741
Calculate the highest common factor of 21136824 and 1218.
174
What is the highest common factor of 465268 and 1312?
164
What is the highest common factor of 114 and 6206559?
57
Calculate the highest common factor of